) = h**2 + 9*h + 20. Let m = 31 + -38. Let b be n(m). Let t(a) = 4 - 4*a + b*a + 0*a. Determine t(-3).
-2
Let v(t) = -14*t + 48. Let u(x) = -x**3 + 6*x**2 + 13*x - 2. Let j be u(-2). Determine v(j).
-8
Let n(m) = 36 - 40*m**2 + 14*m - 33*m**2 + m**3 + 88*m**2 - 4*m + 7*m. Give n(-14).
-6
Let f(r) = -14*r - 421. Let c = -19631 + 19601. What is f(c)?
-1
Let b(x) be the second derivative of x**5/10 - x**4/4 + 2*x**3/3 - x**2 - 46*x - 2. Determine b(2).
10
Suppose 18*t - 117 = -21*t. Suppose -t*w - 5*a = -4*w + 33, -5*w + 5*a = -65. Let b(n) = -n**2 + 8*n + 5. Give b(w).
5
Let b(n) be the third derivative of 1/6*n**3 + 11/24*n**4 + 28*n**2 + 0 + 0*n. What is b(2)?
23
Suppose -3*x + 0*x + 3*t = -15, 4*x + 2*t = 2. Let u(w) = -2 - 21*w - x*w**2 + 14*w - 5. What is u(-5)?
-22
Let k(b) = 6*b**2 + 5*b + 6. Suppose 3*q = 2*g + 3, -q - 4*g = -5*q + 8. Let o be k(q). Let c(t) = t + 9. Determine c(o).
16
Let p(s) = 2*s + 20. Let x = 11952 - 11949. Determine p(x).
26
Let q(f) be the second derivative of -f**4/12 + 5*f**3/2 - 9*f**2/2 + 40*f - 1. Give q(15).
-9
Let n(o) be the second derivative of o**3 + 1/20*o**5 - 5/12*o**4 - 91*o - 3/2*o**2 + 0. Give n(4).
5
Let n(l) = -2*l + 6. Let x(m) = -14*m + 59. Let i(h) = -3*h - 11. Let v be i(-5). Let b be x(v). What is n(b)?
0
Let j(u) = u**3 + 5*u**2 + 4*u + 6. Suppose 0 = -5*t - 20, 2*t = -33*i + 35*i + 2. Determine j(i).
-14
Let o(u) = 2*u - 41. Let s(w) = 3*w**2 - 47*w + 55. Let q be s(15). Calculate o(q).
9
Let y(g) = 3*g - 12. Suppose 0 = 5*u - 14 - 6. Let v be y(u). Let h(n) = 3*n - 3 + 2 + v + 0*n. Determine h(-2).
-7
Suppose -24 = -9*o - 2*v, 5*v = -5*o + 10*v - 5. Let w(s) = 4*s**2 + s - 4. What is w(o)?
14
Let k(f) = 22*f - 18 - 36 + 53. Calculate k(1).
21
Let i be 299 - (-3 - (2 - 5)). Let c = i + -294. Let t(z) = -2*z + 8. Determine t(c).
-2
Let q be 3 + (-99)/15 + 6/10. Suppose 5*c - 2*c = 6. Let y(w) = -2*w + 3*w - 3*w + c - 3*w. What is y(q)?
17
Let z(f) = -f**3 - 13*f**2 - 27*f - 176. Let a be z(-12). Let q(b) = -3*b**2 - 3*b + 10. What is q(a)?
-50
Let f(u) = -6*u + 49. Let x be f(8). Let j(v) = 2*v - 2*v - 2 - 2*v + x. Let i(b) = -b**2 + 4*b + 3. Let d be i(4). Determine j(d).
-7
Let j(v) = 2*v + 2. Let u(o) = 15*o + 46. Let s(q) = 9*j(q) - u(q). What is s(7)?
-7
Let w(s) = -s**3 + 5*s**2 - 2*s - 9. Let c be w(4). Let k(u) = u - 1. Let z(a) = 16*a**2 + 6*a - 4. Let n = -56 - -61. Let o(g) = n*k(g) - z(g). What is o(c)?
-16
Suppose 1985 = -u + 1990. Let v(c) = -c**3 + 2*c**2 + 2*c - 3. Let b(d) = -2*d**3 + 3*d**2 + 3*d - 6. Let k(q) = -2*b(q) + 5*v(q). Give k(u).
-8
Let d(z) = -17*z**2 + 153*z + 2. Let p be d(9). Let x(m) = 2*m + 3. Calculate x(p).
7
Let q be (-2)/6*54/(-36)*2. Let y(v) = 113*v**2 - 3*v + 2. Give y(q).
112
Suppose -7*n = -2 - 5. Let a be n/2 - (3/(-2) - 1). Let g(x) = 3*x**3 + 12*x + x**2 + 2*x**a - 2*x**2 - 13*x. What is g(-1)?
-5
Let u(p) be the second derivative of 0*p**5 + 0 + 16/3*p**3 + 0*p**2 + 1/24*p**4 - 1/30*p**6 - 7*p. Let x(g) be the second derivative of u(g). Calculate x(1).
-11
Let l(s) = -s + 8. Suppose 4*x - 8 = 3*x. Let o be (x/6)/(6*(-4)/108). Let f(i) = i**3 + 6*i**2 + i + 14. Let z be f(o). What is l(z)?
0
Let b(r) = -2*r**3 + 3*r**2 - r + 5. Let y(h) = -9*h + 1462. Let k be y(162). What is b(k)?
-79
Let j be (1 - 8/6)*-24. Let t(h) = 2*h + 1. Let o be t(3). Let b(m) = -o*m + m**2 + 243 + 248 - 497. Calculate b(j).
2
Let j(x) = -2*x + 1. Let m(z) = 663*z - 3 - 330*z - 327*z. Let n(b) = 6*j(b) + 3*m(b). What is n(-3)?
-21
Let g be 1*444 + 0 + (-4)/1. Let q be (-3)/((-10)/(g/12)). Let h(f) = -f**3 + 12*f**2 - 12*f + 15. What is h(q)?
4
Let i(d) be the second derivative of 1/20*d**5 - d**4 - 3*d + 0 - 6*d**2 + 2*d**3. Let w = -24536 + 24547. Determine i(w).
-1
Let v(y) = -y + 2*y + 4 + 26 - y**2 + 3*y - 22*y. Give v(-18).
30
Let q(v) = -156*v - 94*v + 244*v. Let r(p) = -2*p - 1. Let o be r(-2). Suppose 2 = o*m - 4*m. Give q(m).
12
Let b(i) = 5*i - 4. Let x = 723 - 717. Give b(x).
26
Let b be 1/3 - (-3 + 12/(-18)). Suppose -b*q = o + 5, 5 = 5*o - q + 6*q. Let d(j) be the second derivative of -7*j**3/6 + j**2 - 2*j. What is d(o)?
-19
Let o(r) = -22*r**3 + 11*r**2 - r + 9. Let c(y) = -40*y**3 + 22*y**2 - y + 18. Let m(n) = 6*c(n) - 11*o(n). Determine m(-5).
9
Let w(b) = -64*b - 63 + 30 + 20 + 76*b. Determine w(8).
83
Let r(l) = -17 - 3*l + 0*l - 19 + 37. Suppose 5 - 3 = s. Suppose -g - s = g. What is r(g)?
4
Let i(p) be the second derivative of p**3/6 - 3*p**2/2 - 11679*p. Let g = -6 + 11. Determine i(g).
2
Let c(g) = g**2 + 2*g - 1. Let l(x) = x**2 - x + 1. Let z(d) = c(d) - 2*l(d). Suppose 7*j + 6*j = -52. Let w be (2 + 6/j)/(4/32). Determine z(w).
-3
Let t(i) = i**3 - 15*i**2 + 18*i - 56. Let r be (-14)/(-63)*21*(5 + -6 + 4). Give t(r).
0
Let y(u) = -3*u**3 + 35*u**2 + 28*u - 9. Let q be (4 - 3) + 12/2*-3. Let i(p) = -p**3 + 12*p**2 + 10*p - 3. Let l(r) = q*i(r) + 6*y(r). Determine l(4).
21
Let l(t) = t**3 - 9*t**2 - 3*t + 32. Let s(m) = -10*m**2 + 183*m - 45. Let z be s(18). What is l(z)?
5
Let j(r) = -2*r**3 + r**2 + 3*r - 3. Let h(o) = 2*o**3 + o**2 + o - 1. Let f be h(2). Suppose -48 = 9*w - f. Let p be w + (2 - (-7 + 4)). Give j(p).
-9
Let a(u) = -u**3 - 13*u**2 - 11*u + 16. Let k be a(-12). Let w(r) = 7*r - 1 - 5*r + 7 + k. Determine w(-7).
-4
Suppose 40*h = 12*h + 140. Suppose -3*l = -7*l + x - 6, -h*l - 3 = x. Let b(m) = -6*m**3 + 3*m**2 + 3*m + 1. What is b(l)?
7
Let j(g) = -11*g + 15. Let i(w) = 12*w - 18. Let m(f) = 7*i(f) + 8*j(f). Give m(-1).
-2
Let s(j) = -4*j. Let i(c) be the third derivative of c**5/12 + c**4/6 + c**3/6 + 2*c**2 - 2. Let d be i(-1). Determine s(d).
-8
Let h = -4102 + 4109. Let c(b) = -6*b + 1 + 3 + b. Give c(h).
-31
Let f(q) = q**3 + 9*q**2 + 6*q - 10. Suppose -r = 2*c - 48, -4*c + 192 = 4*r + c. Let j = 113 - r. Let y = 57 - j. Determine f(y).
6
Let z(h) = -h**3 + 11*h**2 + 10*h + 11. Suppose -i + 5*v + 140 = 0, -i - 3*i - 2*v = -604. Let t be (-186)/(-16) - i/(-400). Determine z(t).
-13
Let u(y) = -y**2 + 5*y - 13. Let b(t) = -t**3 - 62*t**2 + 6*t + 377. Let v be b(-62). Calculate u(v).
-13
Let u(m) = 8*m**2 + 23*m - 24. Let k(w) = 5*w**2 + 12*w - 12. Let s(q) = -5*k(q) + 3*u(q). Let l be 4/(-10) + (-126)/(-15). Give s(l).
-4
Let u(f) = 13*f**3 - 41*f**2 + 5*f + 21. Let o(t) = -7*t**3 + 21*t**2 - 2*t - 11. Let x(m) = -11*o(m) - 6*u(m). Determine x(14).
79
Let j be 2/(-4) + (-9)/2. Let n(s) = -s**3 + 4*s**2 - 3*s**2 + 34*s**3 + 3*s**3 - s + 5 + 2*s**2 - 35*s**3. Give n(j).
-40
Let k be 1/(4/(-72)*3). Let v(b) = b**2 - 18*b + 2. Let w be v(18). Let h(u) = -1 - 7*u - 8*u**w + u**3 - 3 + 13*u**2 + 5. What is h(k)?
7
Let z(t) be the third derivative of 0 + 4*t**2 + 5/24*t**4 + 1/3*t**3 - 39*t. What is z(5)?
27
Suppose 22 = -5*l - 3. Suppose m + 5*y = -4, -1 = 2*m + 10*y - 7*y. Let a(b) = 5*b**2 + 23*b**3 + 18*b**3 - b - 40*b**3 + m - 4 + 1. Determine a(l).
3
Suppose 22*r = 23*r + 8. Let j = -134 + 136. Let b(p) = 8*p + 27. Let l(w) = 2*w + 9. Let t(u) = j*b(u) - 7*l(u). Give t(r).
-25
Let y(l) = -2431*l - 607 + 2444*l + 629. What is y(-1)?
9
Suppose -k + 161 = 5*n + 38, 0 = -4*n + 2*k + 90. Let h(f) = f**3 - 22*f**2 - 47*f - 32. Determine h(n).
-8
Let i(t) = -t**3 + 7*t**2 + 5*t + 2. Suppose -3*y = 35 - 59. Determine i(y).
-22
Suppose 967 = -57*v + 55. Let l(u) = 2*u**3 + 34*u**2 + 35*u + 45. Calculate l(v).
-3
Let n be (-4)/((-8)/3)*480/36. Let h(i) = -i**2 + 22*i - 30. Calculate h(n).
10
Let w(j) = 4*j + 34. Suppose 90*p - 322 = -331 - 981. Calculate w(p).
-10
Let d(g) = g**3 + 9*g**2 + 12*g + 28. Let o = 40 + -16. Suppose 3*n + 0*n = -o. Let t be d(n). Let a(c) = -c - 1. What is a(t)?
3
Let c(k) be the first derivative of k**4/4 - 8*k**3/3 + 7*k**2 - 20*k - 1360. What is c(6)?
-8
Let r(z) = -z**2 - 11*z - 3. Let x be 6 + ((-7)/28 - (-22)/(-8)). Suppose 4*k - x*p = -p + 8, p = 0. Suppose k*c = 4*d + 7 - 1, 5*c + 29 = -d. Calculate r(c).
27
Let v(r) = -r**2 - 4*r + 67. Suppose -79*q - 396 = 473. Give v(q).
-10
Let v(k) be the first derivative of -38*k - k**2 + 6*k + 13*k - 49 - 21. Determine v(-13).
7
Let m(i) = -3*i - 2. Let v(o) = -16*o - 9. Let f(w) = 11*m(w) - 2*v(w). Let x be 6 - (-13 - (9 - 4)). Let q be 16/x - 44/12. What is f(q)?
-1
Suppose 0 = -p + 2, 0 = 2*d + 4*p - p - 84. Let y(s) = -10*s + 387. Determine y(d).
-3
